969.
147
What is the highest common factor of 104 and 398450?
26
Calculate the greatest common factor of 128 and 73976.
8
What is the highest common divisor of 2014 and 15846?
38
Calculate the highest common divisor of 282 and 865411.
47
What is the highest common factor of 1527 and 27?
3
What is the highest common factor of 44 and 102223?
11
Calculate the highest common divisor of 62756 and 638.
58
Calculate the greatest common divisor of 3523 and 247.
13
Calculate the greatest common divisor of 3145 and 851.
37
Calculate the highest common factor of 117 and 53898.
39
What is the highest common factor of 56 and 474016?
8
What is the greatest common divisor of 30719 and 1326?
221
What is the greatest common divisor of 118 and 962?
2
Calculate the highest common divisor of 6880 and 34056.
344
Calculate the greatest common divisor of 588 and 5059152.
588
Calculate the highest common divisor of 414 and 106200.
18
Calculate the highest common divisor of 7334 and 47044.
38
Calculate the greatest common factor of 32 and 120544.
32
Calculate the greatest common factor of 7849 and 1.
1
What is the highest common factor of 117363 and 1065?
213
What is the greatest common factor of 243000 and 625?
125
What is the highest common factor of 178775 and 50?
25
What is the greatest common divisor of 14 and 129738?
14
Calculate the highest common divisor of 67660 and 10.
10
Calculate the highest common divisor of 32 and 7792.
16
What is the greatest common divisor of 49 and 162757?
7
What is the greatest common factor of 653500 and 2000?
500
What is the greatest common divisor of 7429 and 73321?
323
What is the highest common factor of 960 and 13170?
30
Calculate the greatest common factor of 67 and 307061.
67
What is the highest common divisor of 168226 and 9553?
233
Calculate the highest common factor of 37824 and 197.
197
What is the greatest common factor of 199570 and 28?
14
What is the greatest common divisor of 2006224 and 352?
176
What is the greatest common divisor of 2834 and 71504?
218
What is the highest common divisor of 1963 and 520?
13
Calculate the highest common factor of 63 and 2870574.
21
Calculate the highest common divisor of 1761 and 33.
3
What is the greatest common factor of 3154 and 332?
166
Calculate the highest common factor of 63 and 250383.
21
Calculate the greatest common divisor of 9095 and 1955.
85
Calculate the highest common divisor of 131370 and 1661.
151
What is the highest common factor of 477 and 9?
9
What is the greatest common factor of 63552 and 5952?
192
What is the greatest common factor of 79 and 95827?
79
What is the greatest common factor of 80145 and 7020?
585
Calculate the highest common divisor of 412380 and 725.
145
Calculate the greatest common divisor of 60 and 387384.
12
Calculate the greatest common factor of 23361 and 546.
39
Calculate the highest common factor of 56676 and 372.
12
What is the greatest common divisor of 270 and 86260?
10
What is the highest common factor of 340794 and 216?
54
Calculate the highest common divisor of 18069 and 285.
57
What is the greatest common factor of 255 and 844815?
255
What is the greatest common factor of 2389051 and 21?
7
What is the highest common divisor of 186174 and 288?
18
What is the greatest common divisor of 3124 and 15532?
44
What is the highest common divisor of 819878 and 3670?
734
What is the greatest common factor of 5267 and 5129?
23
What is the highest common divisor of 13761 and 253?
11
Calculate the highest common divisor of 7410 and 380.
190
What is the highest common divisor of 813 and 6738686?
271
What is the highest common divisor of 20265 and 3255?
105
Calculate the highest common divisor of 88 and 234993.
11
What is the greatest common divisor of 224 and 420784?
112
Calculate the greatest common factor of 181488 and 19.
19
What is the greatest common divisor of 405 and 265050?
45
What is the greatest common divisor of 178548 and 90?
6
What is the greatest common factor of 456304 and 64?
16
What is the highest common divisor of 2165148 and 1096?
548
What is the highest common factor of 627 and 495?
33
Calculate the greatest common divisor of 2964 and 3890991.
741
Calculate the highest common factor of 1984 and 10890176.
1984
Calculate the highest common factor of 20480 and 24064.
512
What is the highest common factor of 814 and 451?
11
What is the greatest common divisor of 416274 and 6?
6
Calculate the highest common divisor of 393154 and 106.
106
Calculate the greatest common factor of 580190 and 104.
26
Calculate the greatest common factor of 259828 and 32.
4
Calculate the greatest common factor of 320 and 575936.
64
What is the greatest common factor of 395 and 3175405?
395
Calculate the greatest common divisor of 56364 and 396.
132
Calculate the highest common factor of 6032 and 1456.
208
What is the greatest common factor of 21244 and 1356?
452
Calculate the highest common divisor of 247214 and 6919.
187
What is the highest common divisor of 10478 and 279?
31
Calculate the greatest common divisor of 6176 and 16208.
16
What is the greatest common factor of 4988 and 10492?
172
Calculate the highest common divisor of 390 and 95862.
78
Calculate the highest common factor of 318685 and 15.
5
What is the greatest common factor of 29056 and 256?
128
What is the highest common factor of 217967 and 125689?
1591
What is the greatest common divisor of 75 and 330165?
15
Calculate the highest common factor of 34484 and 11248.
148
What is the greatest common factor of 875 and 29365?
35
What is the highest common divisor of 45 and 79215?
15
What is the highest common divisor of 2385 and 150?
15
Calculate the highest common divisor of 400 and 1184725.
25
What is the greatest common divisor of 33248 and 224?
32
Calculate the highest common divisor of 62454 and 168.
42
What is the highest common divisor of 14 and 51317?
7
What is the greatest common factor of 11 and 984500?
11
Calculate the highest common divisor of 753 and 11669241.
753
What is the highest common factor of 250116 and 456?
228
Calculate the greatest common factor of 400 and 53100.
100
What is the highest common factor of 37422 and 814?
22
What is the highest common factor of 11840 and 146240?
320
What is the greatest common divisor of 11174 and 1554?
74
What is the highest common factor of 656 and 66?
2
Calculate the highest common divisor of 801 and 1791.
9
Calculate the highest common factor of 598 and 3640.
26
What is the highest common factor of 31441 and 214619?
1367
What is the greatest common divisor of 6344 and 30012?
244
What is the highest common divisor of 1233 and 1598379?
411
Calculate the highest common factor of 1064 and 1119176.
152
Calculate the highest common divisor of 41085 and 110.
55
What is the highest common factor of 555 and 34040?
185
What is the greatest common divisor of 121418 and 4?
2
What is the greatest common factor of 39 and 18629?
13
Calculate the highest common factor of 184828 and 92.
92
What is the greatest common divisor of 669242 and 98?
98
What is the greatest common factor of 290800 and 100?
100
What is the highest common divisor of 484 and 8591?
121
Calculate the highest common divisor of 4026 and 627.
33
Calculate the highest common divisor of 3385770 and 40.
10
Calculate the greatest common divisor of 8 and 5028.
4
Calculate the greatest common factor of 132734 and 266.
266
What is the highest common divisor of 275 and 119845?
55
What is the greatest common factor of 18275 and 75?
25
What is the highest common divisor of 20009 and 602624?
1177
What is the greatest common divisor of 12 and 3890694?
6
What is the highest common factor of 7840 and 8379?
49
What is the greatest common factor of 196516 and 584?
292
Calculate the greatest common factor of 159080 and 2296.
328
Calculate the greatest common factor of 163713 and 5863.
451
Calculate the greatest common divisor of 2208 and 6141.
69
Calculate the highest common divisor of 72072 and 72.
72
What is the highest common factor of 2453 and 5575?
223
Calculate the highest common divisor of 281466 and 342.
342
Calculate the greatest common factor of 15 and 398199.
3
Calculate the highest common factor of 1010832 and 96.
48
What is the highest common factor of 11220 and 168960?
660
Calculate the